ommon divisor of o and r.
5
Let d(b) = 4*b**2 - 3*b + 15. Let t(j) = -3*j**2 + 2*j - 15. Let g(a) = -2*d(a) - 3*t(a). Let n be g(0). Calculate the highest common divisor of 165 and n.
15
Let y(t) = -5*t - 10. Suppose 3*l + 26 = -0*v + v, 0 = l + 5*v - 2. Let d be y(l). What is the highest common divisor of d and 45?
15
Let f(b) = 9*b**3 - b**2 + b. Let r be f(1). What is the greatest common divisor of 6 and r?
3
Let i = -135 + 243. Suppose 5*t - 135 = -4*d - 0, -4*t + 3*d = -i. Calculate the highest common factor of t and 27.
27
Let f(p) = -12*p. Let o be f(-4). Suppose -50 = -5*n + 4*d, -3 = -4*n + d + o. What is the highest common factor of 28 and n?
14
Let f(o) = -3*o - 2. Let d be f(-6). Suppose 960 = -0*q + 15*q. Calculate the highest common divisor of q and d.
16
Suppose 95 = 5*v - 4*w, -4*v + 21 = 3*w - 24. What is the highest common divisor of 15 and v?
15
Let t = 15 - 9. Let v = 18 + t. What is the highest common divisor of 12 and v?
12
Let o be (-6)/(-18) + (-41)/(-3). Suppose -2*h + o = 6. What is the highest common divisor of h and 28?
4
Let w = 2 - 0. Let t(u) = -u**3 + 25*u**2 - 24*u + 22. Let f be t(24). What is the highest common factor of f and w?
2
Suppose h + 3 = 0, 0 = -2*q + 3*q + 4*h - 69. What is the highest common divisor of 9 and q?
9
Let n = 15 + -28. Let j = -8 - n. Suppose 4*l - 4 = 2*i, 1 = 3*i - j. What is the greatest common divisor of l and 10?
2
Let s be (-9)/6 + (-364)/(-8). Let f = -31 + s. Calculate the greatest common divisor of 13 and f.
13
Let r be (-1 - 3)/(-2) - (-44 + -29). Calculate the greatest common factor of r and 15.
15
Suppose -2*k + 37 = -201. Let r be 6/(-9) + (-106)/(-6). What is the greatest common divisor of r and k?
17
Let l(m) = -m**2 - 19*m + 4. Let d be l(-17). What is the greatest common factor of d and 266?
38
Let m = 2 + 9. Let a = m + 9. Calculate the highest common divisor of a and 4.
4
Let f = 53 + -26. Let k(t) = 12*t - 9. Let s be k(3). Calculate the highest common divisor of s and f.
27
Let p be (80/(-3))/((-6)/36). Let q be (-4)/(-18) - p/(-9). Suppose -36 - 131 = -3*b - g, -g - 103 = -2*b. Calculate the greatest common divisor of q and b.
18
Let p = 19 + -10. Let h(j) = -34*j**3 - j**2. Let t be h(-1). Let g = 51 - t. Calculate the greatest common factor of g and p.
9
Let q be -4*-1*(-25)/(-10). What is the highest common divisor of 10 and q?
10
Let l(a) = -11*a + 5. Let f be l(-2). Calculate the greatest common divisor of f and 9.
9
Suppose 0 = 5*f - 0*f - 10. Suppose -x + f*x = 0. Let q = x - -26. What is the highest common divisor of q and 39?
13
Suppose -17 = -2*o - 0*o + m, 37 = 4*o - 5*m. Let w = -19 + 7. Let z(v) = -v**3 - 12*v**2 + 12. Let a be z(w). Calculate the highest common divisor of o and a.
4
Let f(l) = 3*l**2 - 2*l - 5. Let j be f(-5). Calculate the greatest common factor of j and 32.
16
Let n = -186 - -321. Suppose z - 21 = 5*v, 7*z + 4*v = 4*z + 158. Let b = z - 31. What is the greatest common factor of n and b?
15
Let u = 9 - 6. Suppose u = -j + 2. Let s(g) = -49*g - 1. Let l be s(j). What is the greatest common factor of l and 32?
16
Suppose 0 = 6*v - 123 + 15. Calculate the highest common factor of 6 and v.
6
Let m be ((-42)/5)/(36/(-240)). What is the greatest common factor of m and 28?
28
Let c = -23 + 33. Suppose 4*g - 38 = -u, 0 = 7*u - 4*u + 6. Calculate the greatest common divisor of c and g.
10
Let g(i) = -9*i**3 - 2*i**2 + 1. Let b be g(-1). Suppose 40 = 5*p + 4*n, 5*p - n - 8 = 4*p. What is the highest common divisor of p and b?
8
Let u(z) = -2*z + 50. Let r be u(21). Calculate the highest common factor of 8 and r.
8
Let j be ((-4)/(-10))/(3/(-15)). Let s = 7 - j. What is the greatest common factor of s and 99?
9
Let p(z) = z + 1. Let m = 20 - 12. Let f be p(m). Suppose -3*s + 3*a + 60 = -s, 75 = 3*s + 3*a. Calculate the greatest common divisor of f and s.
9
Let w(n) = 3*n + 7. Let p be w(-5). Let o be 24 - -2*12/p. What is the greatest common factor of o and 147?
21
Let w = 87 + -51. Calculate the greatest common divisor of 90 and w.
18
Suppose 0*r = -3*m + 2*r + 1, m = 3*r + 12. Let x = 33 + m. Let a = 44 - x. What is the highest common factor of a and 14?
14
Let l = 145 - 97. What is the highest common divisor of 12 and l?
12
Let c be (-2)/3*(-6 + 3). Suppose 0 = -3*a + 37 - 7. Calculate the greatest common divisor of c and a.
2
Let y = 114 - 100. What is the highest common divisor of y and 56?
14
Let t(s) = 18*s**2 + 2*s - 1. Let u be t(-1). Suppose i = -4*i + 75. What is the greatest common factor of u and i?
15
Let o be 337/4 + (-5)/20. What is the greatest common divisor of 14 and o?
14
Suppose 7*b + 250 - 964 = 0. What is the highest common divisor of 68 and b?
34
Let v(f) = 21*f**2 - 3*f - 6. Let b be v(-3). Suppose -b = -5*s - 17. Calculate the highest common factor of s and 5.
5
Let z be -3 - (1 + -2)*2. Let r = z - -3. Let x = r + 18. Calculate the greatest common factor of 4 and x.
4
Let t(z) = 14*z + 1. Suppose 4*s - 20 = 0, -2*j + 7*j - 5*s = -20. Let p be t(j). What is the greatest common factor of 75 and p?
15
Suppose 0 = -4*l + 2*k + 110 + 200, 210 = 3*l + 3*k. Let v = -86 + 125. Let u = v + -9. Calculate the highest common factor of l and u.
15
Let l = 107 + -67. What is the highest common factor of l and 10?
10
Let m be 1*5 + (26 - 22). What is the highest common divisor of m and 3?
3
Let a = -19 - -36. What is the highest common divisor of a and 17?
17
Suppose b - 1 - 16 = 0. What is the highest common factor of b and 17?
17
Let n be (-6)/(-2)*(-60)/(-18). Suppose -k + 1 + n = 0. What is the highest common divisor of 121 and k?
11
Suppose -3*i = 3*n - 3, -3*i = -i + 4*n. Let x be (-1)/(2/(-12)*1). Let y = x + i. Calculate the highest common divisor of y and 16.
8
Let o(k) = -14*k - 2. Let l be o(-4). Let z be (3/1 - -2) + 1. What is the greatest common factor of z and l?
6
Let s(b) = b + 1. Let p be s(2). Suppose 7*g = p*g + 8. Let o(a) = 2*a**3 - 2*a**2 + a - 2. Let w be o(g). Calculate the greatest common factor of w and 8.
8
Let p = 4 - -6. Suppose 3 = 5*o + 2*q - p, -o - 19 = -5*q. Calculate the greatest common factor of 8 and o.
1
Let g be 4/14 + (-5592)/(-28). Let m be ((-6)/(-4))/(12/g). Suppose -t - 4*t + m = 0. What is the highest common divisor of 5 and t?
5
Suppose -3*g + 4*g - 3 = 0. Let o = 3 - g. Let a be 165 - (0 - o)/(-3). Calculate the greatest common divisor of 15 and a.
15
Suppose -4*h = -5*g + 421, -18 = 5*h + 2. Suppose 48 = -3*r - 4*v, -3*r - 74 + 11 = -v. Let l = r - -29. What is the greatest common divisor of l and g?
9
Let s(f) = -f**3 - 16*f**2 - 1. Let z be s(-16). Let r be 4*(-1 + z + 8). What is the greatest common factor of 264 and r?
24
Let y(q) = 20*q + 10. Let o be y(-8). Let p be (-2)/(-6) - o/9. Let w = -9 + p. Calculate the greatest common divisor of w and 1.
1
Suppose 5*a - 5 - 10 = 0. Let c be 1 + 0 - (-5 + a). Suppose -2*y + y = -2*z - 13, 0 = -c*z + 6. Calculate the greatest common divisor of 68 and y.
17
Suppose -7*u + 36 = -3*u. Suppose d = -2*d + u. Calculate the highest common factor of 6 and d.
3
Suppose -4*v + f = -28 - 21, v + 2*f = 19. What is the highest common factor of v and 13?
13
Let f(t) = 39*t + 1. Let r be f(1). Calculate the highest common divisor of r and 5.
5
Let g = 97 - -113. Let h = 24 - -6. Calculate the greatest common factor of g and h.
30
Let f be 3/(-24) + 774/48. Calculate the highest common factor of 40 and f.
8
Let c be (-21)/(-6)*80/14. What is the greatest common divisor of c and 5?
5
Let d = -181 + 198. What is the greatest common divisor of d and 136?
17
Suppose u - 49 = -13. Calculate the greatest common factor of u and 4.
4
Let j(t) = t + 9. Let w be j(-8). What is the greatest common factor of w and 4?
1
Let o be (-1 - 19/(-2)) + 8/(-16). Suppose 3*p + 2 = 4*p. Suppose u - 4*j + 6 = 0, 0 = -4*u + o*u - p*j - 18. Calculate the highest common divisor of 6 and u.
6
Suppose 2*a = -a + 5*p + 156, -5*a + 5*p = -260. What is the greatest common divisor of a and 13?
13
Let u = -117 + 197. Suppose -10 = 5*o - 6*o. What is the greatest common divisor of o and u?
10
Suppose 0 = -10*d + 13*d - 48. Calculate the greatest common divisor of 72 and d.
8
Suppose -4*t = -4*n + 1176, -5*t + 2*n = -0*t + 1461. Let r = 567 + t. Let c be 2/(-5) - r/(-15). What is th